64?
2, 23, 1288037
What are the prime factors of 1776541997?
191, 9301267
List the prime factors of 1461688424.
2, 7, 17, 421, 521
List the prime factors of 51706242.
2, 3, 7, 37, 3697
List the prime factors of 375384142.
2, 7, 79, 191, 1777
List the prime factors of 4280670123.
3, 31, 439, 104849
List the prime factors of 49912152.
2, 3, 61, 103, 331
List the prime factors of 839348313.
3, 19, 557, 26437
List the prime factors of 118062115.
5, 23612423
List the prime factors of 26662301.
19, 47, 73, 409
List the prime factors of 338809221.
3, 37645469
What are the prime factors of 1682316106?
2, 179, 331, 14197
What are the prime factors of 385406931?
3, 7, 13, 73, 83, 233
List the prime factors of 73242454.
2, 19, 1927433
What are the prime factors of 31176459?
3, 37, 251, 373
What are the prime factors of 407974214?
2, 3967, 51421
List the prime factors of 1418060.
2, 5, 7, 1447
List the prime factors of 153686820.
2, 3, 5, 7, 19, 19259
What are the prime factors of 33639424?
2, 7, 13, 19
What are the prime factors of 992181165?
3, 5, 61, 199, 5449
What are the prime factors of 465239234?
2, 509, 457013
What are the prime factors of 929692038?
2, 3, 11, 97, 145219
List the prime factors of 116989669.
19, 6157351
What are the prime factors of 825209191?
3907, 211213
What are the prime factors of 365090565?
3, 5, 7, 31, 112163
List the prime factors of 90517791.
3, 7, 13, 41, 8087
List the prime factors of 41142150.
2, 3, 5, 7, 37, 353
List the prime factors of 805045740.
2, 3, 5, 13417429
List the prime factors of 326098525.
5, 13043941
What are the prime factors of 670468649?
3643, 184043
What are the prime factors of 5167004231?
37, 6053, 23071
List the prime factors of 2608172775.
3, 5, 13, 113, 607
List the prime factors of 662790423.
3, 220930141
What are the prime factors of 268960733?
37, 7269209
List the prime factors of 721390168.
2, 59, 1039, 1471
List the prime factors of 524039728.
2, 23, 1424021
List the prime factors of 37225776.
2, 3, 7, 23, 4817
What are the prime factors of 1533163211?
67, 22883033
What are the prime factors of 660090167?
11, 181, 331537
List the prime factors of 1965234586.
2, 7, 23, 137, 44549
List the prime factors of 1886510114.
2, 19, 401, 123803
List the prime factors of 394647219.
3, 67, 167, 3919
What are the prime factors of 1823638658?
2, 19, 89, 539219
List the prime factors of 1015706603.
1879, 540557
What are the prime factors of 80829924?
2, 3, 7, 971, 991
What are the prime factors of 1154049464?
2, 144256183
List the prime factors of 8154789365.
5, 23197, 70309
List the prime factors of 4748457531.
3, 101, 15671477
What are the prime factors of 3541173378?
2, 3, 67, 523, 16843
What are the prime factors of 787535147?
7, 112505021
List the prime factors of 83594182.
2, 7, 29, 103, 1999
List the prime factors of 27571937.
27571937
What are the prime factors of 264889872?
2, 3, 13, 101, 467
What are the prime factors of 5114072741?
59, 1423, 60913
List the prime factors of 36356881.
11, 3305171
What are the prime factors of 997741694?
2, 29, 223, 77141
List the prime factors of 322239022.
2, 7, 149, 179, 863
List the prime factors of 777229492.
2, 13, 79, 189199
What are the prime factors of 192141481?
7, 37, 741859
List the prime factors of 49475360.
2, 5, 11, 28111
What are the prime factors of 2026000016?
2, 5849, 21649
What are the prime factors of 27179704?
2, 137, 24799
List the prime factors of 1811169117.
3, 61, 3299033
What are the prime factors of 362507386?
2, 53, 67, 51043
What are the prime factors of 40926946?
2, 29, 467, 1511
List the prime factors of 2556210581.
19, 6899, 19501
What are the prime factors of 142088989?
7, 20298427
What are the prime factors of 816145744?
2, 2633, 19373
What are the prime factors of 8153430?
2, 3, 5, 463, 587
What are the prime factors of 736250772?
2, 3, 53, 1157627
List the prime factors of 305268807.
3, 47, 2165027
What are the prime factors of 358468503?
3, 119489501
What are the prime factors of 966875806?
2, 13, 37187531
List the prime factors of 11345451.
3, 13, 19, 61, 251
List the prime factors of 865871789.
241, 3592829
List the prime factors of 89448829.
89448829
What are the prime factors of 360753297?
3, 467, 257497
What are the prime factors of 447992339?
447992339
List the prime factors of 1368414582.
2, 3, 228069097
What are the prime factors of 17758922?
2, 53, 167537
What are the prime factors of 69384325?
5, 167, 16619
What are the prime factors of 1023399937?
7, 29, 720197
List the prime factors of 5383348182.
2, 3, 99691633
What are the prime factors of 670576103?
3559, 188417
List the prime factors of 403774718.
2, 17, 967, 12281
List the prime factors of 564830935.
5, 89, 1269283
List the prime factors of 62647432.
2, 73, 107273
What are the prime factors of 48373775?
5, 1934951
List the prime factors of 37950181.
37950181
What are the prime factors of 25180931?
71, 354661
What are the prime factors of 882728544?
2, 3, 227, 40507
List the prime factors of 113034675.
3, 5, 13, 115933
List the prime factors of 2240316727.
11, 43, 199, 23801
What are the prime factors of 199994531?
11, 67, 271363
List the prime factors of 490008741.
3, 151, 179, 6043
List the prime factors of 62617181.
11, 5692471
What are the prime factors of 102354202?
2, 51177101
What are the prime factors of 1400896399?
7, 157, 1274701
List the prime factors of 74275211.
23, 3229357
What are the prime factors of 13124257?
881, 14897
List the prime factors of 203900668.
2, 43, 1185469
What are the prime factors of 1994100770?
2, 5, 2467, 80831
What are the prime factors of 201059847?
3, 727, 10243
What are the prime factors of 5974944?
2, 3, 109, 571
What are the prime factors of 144387971?
7, 13, 881, 1801
List the prime factors of 1041212367.
3, 13, 359, 8263
What are the prime factors of 632358177?
3, 11, 1601, 11969
What are the prime factors of 687052?
2, 171763
What are the prime factors of 1170118316?
2, 103, 2840093
What are the prime factors of 7034701567?
31, 41, 613, 9029
What are the prime factors of 2244310851?
3, 748103617
List the prime factors of 136034621.
29, 839, 5591
List the prime factors of 207743.
207743
What are the prime factors of 85856751?
3, 491, 19429
List the prime factors of 43185928.
2, 5398241
List the prime factors of 608339349.
3, 197, 114371
List the prime factors of 4351478.
2, 79, 27541
List the prime factors of 445470150.
2, 3, 5, 1423, 2087
What are the prime factors of 146829387?
3, 6367, 7687
List the prime factors of 154061100.
2, 3, 5, 171179
List the prime factors of 104011951.
29, 3586619
What are the prime factors of 297826969?
11, 27075179
What are the prime factors of 3706716142?
2, 17, 29, 227, 16561
What are the prime factors of 499089940?
2, 5, 379, 65843
List the prime factors of 2581516406.
2, 7, 71, 2597099
List the prime factors of 101702526.
2, 3, 2417, 7013
What are the prime factors of 228230183?
228230183
List the prime factors of 78303125.
5, 25057
List the prime factors of 139576119.
3, 89, 522757
List the prime factors of 251100917.
251100917
What are the prime factors of 1110187448?
2, 17, 8163143
List the prime factors of 2887616491.
229, 12609679
List the prime factors of 2087033292.
2, 3, 139, 193, 2161
List the prime factors of 1435315036.
2, 358828759
What are the prime factors of 34641?
3, 1283
List the prime factors of 57493882.
2, 23, 107, 11681
What are the prime factors of 352566921?
3, 7, 347, 48383
What are the prime factors of 1968173138?
2, 21587, 45587
List the prime factors of 15312406.
2, 29, 264007
What are the prime factors of 84890642?
2, 42445321
What are the prime factors of 94380335?
5, 7, 2696581
What are the prime factors of 2612064998?
2, 601, 2173099
List the prime factors of 5118221634.
2, 3, 19, 41, 137, 7993
List the prime factors of 5929400813.
7, 19, 29, 80911
What are the prime factors of 11066392?
2, 41, 33739
List the prime factors of 1897377703.
13, 277, 40531
List the prime factors of 4848513620.
2, 5, 23, 907, 11621
What are the prime factors of 1036029749?
1036029749
List the prime factors of 3526676312.
2, 29, 31, 37, 457
List the prime factors of 3154139721.
3, 350459969
What are the prime factors of 76126187?
17, 4478011
List the prime factors of 321